 -t - g = -2*f, 3*f - t - 4*t = 72. What is the remainder when f is divided by h?
5
Let z = 4852 + -4794. Calculate the remainder when 122 is divided by z.
6
Let b be 2 - 5/(15/(-1386)). Let g = -246 + b. Let p = 390 - g. What is the remainder when p is divided by 25?
22
Let f = 105 + -70. Let g = -36 + f. Calculate the remainder when 5 + (-2 - 1) + (g - -2) is divided by 2.
1
Let w(n) = -n**2 - 14*n + 3. Let y(d) = -d**3 - 9*d**2 - 4*d + 22. Let f be y(-8). Calculate the remainder when w(f) is divided by 24.
19
Suppose 4*c + 0*j + 4*j - 4 = 0, -5*j = 10. Suppose c*y + 9*y - 960 = 0. Calculate the remainder when y is divided by 12.
8
Let u(c) = c**3 - 13*c**2 + 15*c - 16. Calculate the remainder when 39/((-9 + 7)/(-4)) is divided by u(12).
18
Let h = -92 - -107. Suppose 2*r - 69 - h = 0. Suppose 0 = -a + 2*c + 30, 0 = -a - a + 2*c + 52. What is the remainder when r is divided by a?
20
Let c(i) be the first derivative of -3*i**2/2 + 60*i + 46. What is the remainder when 42 is divided by c(9)?
9
Let x(m) = 3*m - 15. Let f be x(6). Suppose 184 = y + f*y. Calculate the remainder when y is divided by 10.
6
Suppose 5*n - 4*n + 3 = 0. Let t(y) = -y**3 - y**2 + 2*y + 4. What is the remainder when (23/23)/(2*2)*2*156 is divided by t(n)?
14
Let a be (15 - 12)*83/(-6)*2. Let s = a + 92. Let b(p) = p**2 - 4*p + 4. What is the remainder when b(s) is divided by 14?
7
Let y(f) = 6*f**2 - 178*f - 2142. What is the remainder when y(-13) is divided by 158?
80
Let a = 11847 - 11727. What is the remainder when 5398 is divided by a?
118
Let o(s) = -s**2 + 6*s - 3. Let y be o(2). Let x be 159/(-15) - (-3)/y. Calculate the remainder when 2/x + (-2655)/(-25) is divided by 27.
25
Let l = -24 + 32. Let o(b) = 21 - 3 + 20*b - 21*b. What is the remainder when o(-5) is divided by l?
7
Suppose 4*a + 86 = 5*d, 45*a - 50 = -3*d + 47*a. Let r be -4 - -2 - -3*5. What is the remainder when (0 - 8/(-4))*r is divided by d?
12
Let u(v) = 4*v**2 - 15*v + 32. Let t(k) = -k**2 - 23*k - 3. Calculate the remainder when t(-14) is divided by u(3).
8
Let b be (6/(-1))/(21/(-14)). Suppose 5*q - x - 274 = 0, 169 = -q + 4*q + b*x. Suppose -52*u - 30 = -q*u. Calculate the remainder when 17 is divided by u.
7
Let p(f) = 610*f - 2955. Calculate the remainder when p(7) is divided by 26.
15
Suppose -26*u + 60*u - 2948 = -33*u. Calculate the remainder when 3279 is divided by u.
23
Let z = 4051 + -3849. What is the remainder when z is divided by 96?
10
Suppose 4*a = -2*o + 222, 5*o - 156 = 13*a - 16*a. Calculate the remainder when 133 is divided by a.
19
Suppose 8*l - 2*l = g + 261, 0 = -5*l + 5*g + 180. Calculate the remainder when 1158 is divided by l.
33
Let c(d) = -19*d**2 + 254*d - 143. What is the remainder when c(10) is divided by 263?
234
Let g = 1623 - 1444. What is the remainder when 512 is divided by g?
154
Suppose -1210 = -23*m + 12*m. Calculate the remainder when 163 is divided by ((-2)/(-5))/((-106)/m + 1).
9
Let x(k) = 8*k**3 + 2*k**2 + 11*k - 25. What is the remainder when 1446 is divided by x(2)?
66
Suppose -5*q + 5*s + 34 + 16 = 0, 0 = 3*q - 4*s - 29. Let u = -47338 + 47356. What is the remainder when u is divided by q?
7
Suppose 46 - 205 = -n. What is the remainder when n is divided by 130?
29
Suppose 5*s = 191 - 6. Suppose -10*d + 735 = -5*d + 2*a, 2*a = -3*d + 441. Calculate the remainder when d is divided by s.
36
Let n = 4 + -7. Let l(f) = -6*f + 141. Let h be l(24). What is the remainder when 98 is divided by 10/h*((-9)/n - 9)?
18
Suppose 11*n = 19 + 619. What is the remainder when n is divided by 27 + (4 - (1 + 7))?
12
Let i = 93 - 58. Let f = -32118 - -32169. What is the remainder when f is divided by i?
16
Let x = -334 - -193. Let v = -91 - x. Let y = v + -27. Calculate the remainder when 112 is divided by y.
20
Suppose -10*r + 488 = 18. Suppose 3*b + 66 = 3*j, 5*j = -5*b - r + 197. What is the remainder when 34 is divided by j?
8
Suppose -689*u + 692*u - 5*x = 1011, 1711 = 5*u - 4*x. What is the remainder when u is divided by (35/4)/((-5)/(-20))?
32
Let s = 30 - 92. Let t = -49 - s. Calculate the remainder when 61 is divided by t.
9
Let s be ((-2)/(-5))/(4/(-4 + 24)). Suppose a + 4 = 5*f + 12, s = -f. Let k = a + 12. What is the remainder when 29 is divided by k?
9
Suppose 4*i - 3*f = 6*i - 192, -i - 4*f + 101 = 0. Suppose 0 = -2*c + i - 17. What is the remainder when (-3004)/(-16) + 2/8 is divided by c?
36
Let b(p) = p**2 - 11*p + 89. What is the remainder when 339 is divided by b(13)?
109
Let x be (-1358)/(-2) - 0/(-40). Suppose x = 8*v - 9. Calculate the remainder when v is divided by -1 + 0 - -1 - -22.
20
Let c = 37 + 703. Let j = c + -690. What is the remainder when 197 is divided by j?
47
Calculate the remainder when 1415 is divided by (9/12)/(252/(-96)) + 1430/7.
191
Let m(n) = -68*n - 4192. Calculate the remainder when m(-66) is divided by 4/22 + (-819)/(-33).
21
Calculate the remainder when 102 is divided by -20*(-12)/96*22.
47
Suppose 9*u - 54 = 36. What is the remainder when (45/5)/((-42)/(-35) - 1) is divided by u?
5
Suppose -h - 3*q + 6 = -3, 0 = -3*h - 5*q + 23. Let g(k) = h*k + 2 - 7 - 5. Calculate the remainder when 153 is divided by g(6).
23
Let i = -2086 + 2115. What is the remainder when i is divided by 14?
1
Suppose 4*s - 15 = 3*s. Let m(u) = 6*u + 42. Let c(o) = -o**3 + 18*o**2 + 2*o - 36. Let n be c(18). Calculate the remainder when m(n) is divided by s.
12
Let k be (3 - (21 - 11)) + 13. Let y(x) be the second derivative of -x**4/12 + 5*x**3/3 + 3*x**2/2 - x. Calculate the remainder when 104 is divided by y(k).
23
Calculate the remainder when 1974 is divided by (-14)/(-2) + (264/(-143) - 16/104).
4
Let m be (-1)/(-4) - (11/(-4) + 6). Let p be ((-16)/(-20) + -2)/(m/70). What is the remainder when (-2)/7 + 736/p is divided by 7?
5
Let f = -846 - -1488. Suppose -9*o = 2*s - 4*o + f, 1260 = -4*s + 2*o. Let r = s - -560. Calculate the remainder when r is divided by 35.
34
Suppose 48*z - 354215 + 45911 = 0. Calculate the remainder when z is divided by 42.
39
Let q(d) = 31*d**2 - d. Suppose -10 + 1 = o + 4*z, 9 = -3*o - 3*z. Let v be q(o). What is the remainder when (v/80)/((-1)/(-145)) is divided by 12?
10
Suppose -5*n + 9*n = -l + 8, 4*l = 2*n + 14. Suppose m - 11 = -6. Suppose -k + 6*k - 5*c = 20, l*c - 2 = -m*k. Calculate the remainder when 8 is divided by k.
0
Suppose -6*z + 84 = -2*z. Suppose -4*d = -11*d + 70. Calculate the remainder when z/(-35) - 143/(-5) is divided by d.
8
Suppose f + b - 1928 + 313 = 0, 3233 = 2*f + 3*b. What is the remainder when f is divided by 17?
14
Let j(f) = -f**3 + 5*f**2 + 7*f - 2. Let p be j(6). Suppose 5*u = -25, 5*u - 9*u = p*q. What is the remainder when 57 is divided by q?
2
Let a(l) = 2*l**2 - 61*l + 322. Calculate the remainder when 1427 is divided by a(6).
27
Let t(i) = -343*i + 4149. Calculate the remainder when 1036 is divided by t(12).
13
Let s = 10962 - 9814. Calculate the remainder when s is divided by 284.
12
Let g = -846 + 846. Suppose -4*p + 30 = t - 5*p, g = -5*p. What is the remainder when 110 is divided by t?
20
Let d = 7 + -5. Let x(r) = -r**3 - 10*r**2 - 9*r - 55. What is the remainder when x(-10) is divided by d?
1
Let v = -27 - -53. Suppose -18 = l - 2*h, -39*h = -38*h - 1. Let n = l + v. Calculate the remainder when 39 is divided by n.
9
Suppose r - 2*f + 12 = 35, r + 12 = -5*f. Let l = 22 - 32. Calculate the remainder when r is divided by (-45)/l + 1/(-2).
1
Suppose -4*g = 2*a - 3*a - 166, -2*g = -11*a - 20. Let v(z) = -z + 15. Let j be 1 + 0/2 + -1. What is the remainder when g is divided by v(j)?
13
What is the remainder when (2/5 + 9204/(-20)*-3)/1 is divided by 457?
10
Suppose -2*f + 5*f - 53 = r, -3*f + 2*r + 49 = 0. What is the remainder when 169 is divided by f?
17
Let l = 47061 + -47017. Let v(o) = 3*o**3 - 3*o**2 - 2*o - 4. Calculate the remainder when v(3) is divided by l.
0
Suppose 0 = -0*y - y + 350. Let i be (-2)/(-11) - y/110. What is the remainder when (-53)/(2*i/6) is divided by 14?
11
What is the remainder when 1312 is divided by (62951/(-782))/(-2*1/8)?
24
Suppose 4*z - 20 = 188. What is the remainder when (-9)/(9/(-1)) + 95 is divided by z?
44
Let s = 262 - 269. Let w(o) = -o**3 - 5*o**2 + 2*o - 24. Suppose -4*f = -4, 4*m + 2*f = 3*m + 19. Calculate the remainder when w(s)